ds digit of 47231670?
6
What is the hundreds digit of 280534347?
3
What is the ten thousands digit of 9942180?
4
What is the hundred thousands digit of 1916579215?
5
What is the ten millions digit of 229797743?
2
What is the thousands digit of 23373068?
3
What is the ten thousands digit of 2077493292?
9
What is the thousands digit of 1592114?
2
What is the hundreds digit of 2467865752?
7
What is the thousands digit of 6024350?
4
What is the hundreds digit of 18752661?
6
What is the ten millions digit of 78847841?
7
What is the tens digit of 108813094?
9
What is the hundreds digit of 2901002?
0
What is the hundred thousands digit of 64589960?
5
What is the ten thousands digit of 59852246?
5
What is the hundred thousands digit of 578531843?
5
What is the units digit of 38095247?
7
What is the thousands digit of 3618579652?
9
What is the hundreds digit of 896577121?
1
What is the units digit of 162269486?
6
What is the hundred thousands digit of 5118663550?
6
What is the thousands digit of 46047470?
7
What is the millions digit of 493641384?
3
What is the ten millions digit of 2041921765?
4
What is the ten millions digit of 5184557453?
8
What is the units digit of 667726523?
3
What is the hundreds digit of 3609341971?
9
What is the hundreds digit of 28713062?
0
What is the hundred millions digit of 2133893820?
1
What is the ten millions digit of 6652976592?
5
What is the hundred thousands digit of 6245617898?
6
What is the units digit of 77844421?
1
What is the hundred thousands digit of 131246685?
2
What is the hundreds digit of 23052831?
8
What is the ten millions digit of 140533328?
4
What is the tens digit of 354516044?
4
What is the tens digit of 821360317?
1
What is the ten millions digit of 68832366?
6
What is the ten millions digit of 2051523927?
5
What is the ten millions digit of 32484306?
3
What is the millions digit of 1354010829?
4
What is the tens digit of 856644?
4
What is the hundred millions digit of 5104470783?
1
What is the tens digit of 86187791?
9
What is the hundreds digit of 165362600?
6
What is the units digit of 2060207?
7
What is the tens digit of 573598815?
1
What is the thousands digit of 13165365?
5
What is the ten millions digit of 323223993?
2
What is the billions digit of 2486868821?
2
What is the hundred thousands digit of 2362371918?
3
What is the millions digit of 567339869?
7
What is the hundred thousands digit of 285563170?
5
What is the units digit of 532132212?
2
What is the hundreds digit of 46610880?
8
What is the millions digit of 158230982?
8
What is the hundred millions digit of 791850721?
7
What is the ten thousands digit of 1128574861?
7
What is the hundred thousands digit of 674606245?
6
What is the hundred millions digit of 963447700?
9
What is the billions digit of 2020646900?
2
What is the ten thousands digit of 49792883?
9
What is the hundred thousands digit of 149277914?
2
What is the thousands digit of 297033558?
3
What is the tens digit of 647083845?
4
What is the ten thousands digit of 3310269393?
6
What is the hundreds digit of 2551941789?
7
What is the hundred thousands digit of 427907766?
9
What is the millions digit of 6464335?
6
What is the tens digit of 923273578?
7
What is the tens digit of 1585256521?
2
What is the hundreds digit of 333117644?
6
What is the hundreds digit of 1592365079?
0
What is the hundred millions digit of 282096624?
2
What is the tens digit of 268775922?
2
What is the hundred thousands digit of 1370582733?
5
What is the units digit of 882625969?
9
What is the thousands digit of 80868206?
8
What is the millions digit of 146215474?
6
What is the tens digit of 89155516?
1
What is the ten thousands digit of 1055354255?
5
What is the ten thousands digit of 40104887?
0
What is the ten thousands digit of 119410304?
1
What is the thousands digit of 27360544?
0
What is the hundred millions digit of 211098844?
2
What is the hundred thousands digit of 28641496?
6
What is the hundreds digit of 105921861?
8
What is the thousands digit of 557121790?
1
What is the thousands digit of 55679607?
9
What is the hundred millions digit of 484225618?
4
What is the hundred millions digit of 205742930?
2
What is the hundred millions digit of 1454142587?
4
What is the ten millions digit of 55174583?
5
What is the millions digit of 41649613?
1
What is the thousands digit of 211697460?
7
What is the units digit of 359908452?
2
What is the ten thousands digit of 58502169?
0
What is the ten millions digit of 424939899?
2
What is the ten millions digit of 111291943?
1
What is the thousands digit of 252551164?
1
What is the ten millions digit of 190571701?
9
What is the tens digit of 90343186?
8
What is the ten thousands digit of 1654358312?
5
What is the hundred thousands digit of 1619715991?
7
What is the ten millions digit of 543180987?
4
What is the hundred millions digit of 1468041860?
4
What is the thousands digit of 529852405?
2
What is the tens digit of 2817577490?
9
What is the hundreds digit of 4481714834?
8
What is the ten millions digit of 4915951540?
1
What is the millions digit of 2459468247?
9
What is the hundred millions digit of 136602545?
1
What is the billions digit of 1209917584?
1
What is the hundred thousands digit of 38697862?
6
What is the hundred millions digit of 118033720?
1
What is the tens digit of 14501716?
1
What is the thousands digit of 4778697876?
7
What is the ten thousands digit of 15415902?
1
What is the hundred thousands digit of 2491331784?
3
What is the thousands digit of 48346678?
6
What is the tens digit of 1750652653?
5
What is the tens digit of 161869710?
1
What is the tens digit of 1119339862?
6
What is the units digit of 2356891707?
7
What is the hundred thousands digit of 181069311?
0
What is the hundreds digit of 4262919237?
2
What is the ten millions digit of 178260485?
7
What is the millions digit of 418486363?
8
What is the hundred millions digit of 148886966?
1
What is the hundreds digit of 45789694?
6
What is the thousands digit of 10219899?
9
What is the hundred thousands digit of 55368662?
3
What is the units digit of 9467167?
7
What is the ten millions digit of 446757283?
4
What is the ten thousands digit of 168767195?
6
What is the units digit of 68793880?
0
What is the hundred thousands digit of 2908772405?
7
What is the hundreds digit of 992627490?
4
What is the thousands digit of 19217923?
7
What is the millions digit of 958598573?
8
What is the units digit of 602981328?
8
What is the millions digit of 219943980?
9
What is the hundred thousands digit of 34471044?
4
What is the hundred millions digit of 112884352?
1
What is the hundred millions digit of 3388750824?
3
What is the hundred millions digit of 167144178?
1
What is the hundred millions digit of 132916419?
1
What is the units digit of 22938304?
4
What is the units digit of 798624248?
8
What is the hundred thousands digit of 206934628?
9
What is the billions digit of 5439083082?
5
What is the millions digit of 358959934?
8
What is the hundred thousands digit of 165202952?
2
What is the ten thousands digit of 54400921?
0
What is the millions digit of 563366903?
3
What is the billions digit of 3084727210?
3
What is the ten thousands digit of 17294004?
9
What is the millions digit of 5743571071?
3
What is the hundred thousands digit of 470447299?
4
What is the ten thousands digit of 65249308?
4
What is the hundreds digit of 75184781?
7
What is the thousands digit of 8111919?
1
What is the millions digit of 1410149805?
0
What is the ten thousands digit of 130529084?
2
What is the ten thousands digit of 27971248?
7
What is the tens digit of 4021080?
8
What is the millions digit of 52496706?
2
What is the ten thousands digit of 85815563?
1
What is the thousands digit of 311335753?
5
What is the hundreds digit of 48166844?
8
What is the thousands digit of 774055573?
5
What is the ten millions digit of 510037672?
1
What is the tens digit of 12892227?
2
What is the units digit of 18875623?
3
What is the hundreds digit of 136727518?
5
What is the hundred thousands digit of 78919891?
9
What is the units digit of 584835010?
0
What is the hundreds digit of 31277570?
5
What is the hundreds digit of 178544153?
1
What is the hundred thousands digit of 18593892?
5
What is the ten millions di